{"id":16,"date":"2025-10-10T15:41:57","date_gmt":"2025-10-10T18:41:57","guid":{"rendered":"https:\/\/salconsultoria.com\/?page_id=16"},"modified":"2025-10-12T23:13:28","modified_gmt":"2025-10-13T02:13:28","slug":"em-construcao","status":"publish","type":"page","link":"https:\/\/salconsultoria.com\/","title":{"rendered":"Em Constru\u00e7\u00e3o"},"content":{"rendered":"\t\t<div data-elementor-type=\"wp-page\" data-elementor-id=\"16\" class=\"elementor elementor-16\">\n\t\t\t\t<div class=\"elementor-element elementor-element-2ddefc7 e-flex e-con-boxed e-con e-parent\" data-id=\"2ddefc7\" data-element_type=\"container\">\n\t\t\t\t\t<div class=\"e-con-inner\">\n\t\t\t\t<div class=\"elementor-element elementor-element-8848f1c elementor-widget elementor-widget-image\" data-id=\"8848f1c\" data-element_type=\"widget\" data-widget_type=\"image.default\">\n\t\t\t\t\t\t\t\t\t\t\t\t\t\t\t<img decoding=\"async\" src=\"http:\/\/salconsultoria.com\/wp-content\/uploads\/elementor\/thumbs\/Captura-de-tela-2025-10-09-175710-rd0i0u46d7e8m8cydjajegb73hmho4sctdrzdw5i4c.png\" title=\"Logo Sal Consultoria\" alt=\"Logo Sal Consultoria\" loading=\"lazy\" \/>\t\t\t\t\t\t\t\t\t\t\t\t\t\t\t<\/div>\n\t\t\t\t<div class=\"elementor-element elementor-element-5b5fb35 elementor-widget elementor-widget-text-editor\" data-id=\"5b5fb35\" data-element_type=\"widget\" data-widget_type=\"text-editor.default\">\n\t\t\t\t\t\t\t\t\t<p data-start=\"166\" data-end=\"289\">A gente sabe que voc\u00ea est\u00e1 curioso pra conhecer nosso conte\u00fado \u2014 e pode acreditar, estamos <em data-start=\"257\" data-end=\"284\">t\u00e3o ansiosos quanto voc\u00ea!<\/em><\/p><p data-start=\"291\" data-end=\"523\">Mas calma, estamos caprichando em cada detalhe pra que, em breve, voc\u00ea possa conhecer a <strong data-start=\"379\" data-end=\"386\">SAL<\/strong>, uma consultoria 100% alinhada \u00e0s novas tecnologias, mas que valoriza o presencial e um bom caf\u00e9 (de prefer\u00eancia mineiro, \u00e9 claro!)<\/p><p data-start=\"525\" data-end=\"679\">Enquanto isso, deixe seu contato no formul\u00e1rio abaixo e te avisaremos assim que tudo estiver prontinho.<\/p><p><strong>Quem sabe a gente j\u00e1 marca esse caf\u00e9?<\/strong><\/p>\t\t\t\t\t\t\t\t<\/div>\n\t\t\t\t\t<\/div>\n\t\t\t\t<\/div>\n\t\t<div class=\"elementor-element elementor-element-21d1ff4 e-flex e-con-boxed e-con e-parent\" data-id=\"21d1ff4\" data-element_type=\"container\">\n\t\t\t\t\t<div class=\"e-con-inner\">\n\t\t\t\t<div class=\"elementor-element elementor-element-3b709a3 elementor-widget elementor-widget-heading\" data-id=\"3b709a3\" data-element_type=\"widget\" data-widget_type=\"heading.default\">\n\t\t\t\t\t<h3 class=\"elementor-heading-title elementor-size-default\">Preencha seus dados abaixo:<\/h3>\t\t\t\t<\/div>\n\t\t\t\t<div class=\"elementor-element elementor-element-54690a0 elementor-widget elementor-widget-shortcode\" data-id=\"54690a0\" data-element_type=\"widget\" data-widget_type=\"shortcode.default\">\n\t\t\t\t\t\t\t<div class=\"elementor-shortcode\">\n<div class=\"wpcf7 no-js\" id=\"wpcf7-f38-o1\" lang=\"pt-BR\" dir=\"ltr\" data-wpcf7-id=\"38\">\n<div class=\"screen-reader-response\"><p role=\"status\" aria-live=\"polite\" aria-atomic=\"true\"><\/p> <ul><\/ul><\/div>\n<form action=\"\/index.php\/wp-json\/wp\/v2\/pages\/16#wpcf7-f38-o1\" method=\"post\" class=\"wpcf7-form init\" aria-label=\"Formul\u00e1rios de contato\" novalidate=\"novalidate\" data-status=\"init\">\n<fieldset class=\"hidden-fields-container\"><input type=\"hidden\" name=\"_wpcf7\" value=\"38\" \/><input type=\"hidden\" name=\"_wpcf7_version\" value=\"6.1.2\" \/><input type=\"hidden\" name=\"_wpcf7_locale\" value=\"pt_BR\" \/><input type=\"hidden\" name=\"_wpcf7_unit_tag\" value=\"wpcf7-f38-o1\" \/><input type=\"hidden\" name=\"_wpcf7_container_post\" value=\"0\" \/><input type=\"hidden\" name=\"_wpcf7_posted_data_hash\" value=\"\" \/>\n<\/fieldset>\n<p><label> Nome<br \/>\n<span class=\"wpcf7-form-control-wrap\" data-name=\"your-name\"><input size=\"40\" maxlength=\"400\" class=\"wpcf7-form-control wpcf7-text wpcf7-validates-as-required\" autocomplete=\"name\" aria-required=\"true\" aria-invalid=\"false\" value=\"\" type=\"text\" name=\"your-name\" \/><\/span> <\/label>\n<\/p>\n<p><label> e-mail<br \/>\n<span class=\"wpcf7-form-control-wrap\" data-name=\"your-email\"><input size=\"40\" maxlength=\"400\" class=\"wpcf7-form-control wpcf7-email wpcf7-validates-as-required wpcf7-text wpcf7-validates-as-email\" autocomplete=\"email\" aria-required=\"true\" aria-invalid=\"false\" value=\"\" type=\"email\" name=\"your-email\" \/><\/span> <\/label>\n<\/p>\n<p><label> Telefone:<br \/>\n<span class=\"wpcf7-form-control-wrap\" data-name=\"your-phonenumber\"><input size=\"40\" maxlength=\"400\" class=\"wpcf7-form-control wpcf7-tel wpcf7-validates-as-required wpcf7-text wpcf7-validates-as-tel\" autocomplete=\"phone\" aria-required=\"true\" aria-invalid=\"false\" value=\"\" type=\"tel\" name=\"your-phonenumber\" \/><\/span> <\/label>\n<\/p>\n<p><label> Cidade:<br \/>\n<span class=\"wpcf7-form-control-wrap\" data-name=\"your-city\"><input size=\"40\" maxlength=\"400\" class=\"wpcf7-form-control wpcf7-text wpcf7-validates-as-required\" autocomplete=\"city\" aria-required=\"true\" aria-invalid=\"false\" value=\"\" type=\"text\" name=\"your-city\" \/><\/span> <\/label>\n<\/p>\n<p><input class=\"wpcf7-form-control wpcf7-submit has-spinner\" type=\"submit\" value=\"Enviar\" \/>\n<\/p><p style=\"display: none !important;\" class=\"akismet-fields-container\" data-prefix=\"_wpcf7_ak_\"><label>&#916;<textarea name=\"_wpcf7_ak_hp_textarea\" cols=\"45\" rows=\"8\" maxlength=\"100\"><\/textarea><\/label><input type=\"hidden\" id=\"ak_js_1\" name=\"_wpcf7_ak_js\" value=\"152\"\/><script>document.getElementById( \"ak_js_1\" ).setAttribute( \"value\", ( new Date() ).getTime() );<\/script><\/p><div class=\"wpcf7-response-output\" aria-hidden=\"true\"><\/div>\n<\/form>\n<\/div>\n<\/div>\n\t\t\t\t\t\t<\/div>\n\t\t\t\t\t<\/div>\n\t\t\t\t<\/div>\n\t\t<div class=\"elementor-element elementor-element-3a23663 e-con-full e-flex e-con e-parent\" data-id=\"3a23663\" data-element_type=\"container\">\n\t\t\t\t<div class=\"elementor-element elementor-element-95d76fe elementor-widget elementor-widget-html\" data-id=\"95d76fe\" data-element_type=\"widget\" data-widget_type=\"html.default\">\n\t\t\t\t\t<footer id=\"site-footer\" role=\"contentinfo\" itemscope itemtype=\"https:\/\/schema.org\/Organization\" style=\"background:#f9f9f9; padding:30px 20px; text-align:center; font-family:'Inter', sans-serif; color:#333; font-size:0.9rem; line-height:1.5;\">\r\n  \r\n  <section itemprop=\"name\" style=\"font-size:1rem; font-weight:600; margin-bottom:8px;\">\r\n    SAL Consultoria\r\n  <\/section>\r\n\r\n  <p itemprop=\"description\" style=\"max-width:600px; margin:0 auto 15px; font-size:0.85rem;\">\r\n    Consultoria especializada em <strong>crescimento comercial estrat\u00e9gico e intelig\u00eancia de dados.<\/strong>\r\n  <\/p>\r\n\r\n  <address style=\"font-style:normal; margin-bottom:12px; font-size:0.85rem;\">\r\n    <span itemprop=\"addressLocality\">S\u00e3o Paulo - SP<\/span> \u2014 atendendo todo o <span itemprop=\"areaServed\">Brasil<\/span><br>\r\n    <a href=\"mailto:comercial@salconsultoria.com\" itemprop=\"email\" style=\"color:#0066cc; text-decoration:none;\">comercial@salconsultoria.com<\/a><br>\r\n    <a href=\"https:\/\/www.instagram.com\/consultoriasal\" target=\"_blank\" rel=\"noopener\" itemprop=\"sameAs\" style=\"color:#0066cc; text-decoration:none;\">@consultoriasal<\/a>\r\n  <\/address>\r\n\r\n  <small style=\"color:#777; font-size:0.75rem;\">\r\n    \u00a9 2025 <span itemprop=\"name\">SAL Consultoria<\/span> \u2014 Intelig\u00eancia, Prop\u00f3sito e Crescimento.\r\n  <\/small>\r\n\r\n<\/footer>\r\n\t\t\t\t<\/div>\n\t\t\t\t<\/div>\n\t\t\t\t<\/div>\n\t\t","protected":false},"excerpt":{"rendered":"<p>A gente sabe que voc\u00ea est\u00e1 curioso pra conhecer nosso conte\u00fado \u2014 e pode acreditar, estamos t\u00e3o ansiosos quanto voc\u00ea! Mas calma, estamos caprichando em cada detalhe pra que, em breve, voc\u00ea possa conhecer a SAL, uma consultoria 100% alinhada \u00e0s novas tecnologias, mas que valoriza o presencial e um bom caf\u00e9 (de prefer\u00eancia mineiro, [&hellip;]<\/p>\n","protected":false},"author":1,"featured_media":0,"parent":0,"menu_order":0,"comment_status":"closed","ping_status":"closed","template":"elementor_canvas","meta":{"footnotes":""},"class_list":["post-16","page","type-page","status-publish","hentry"],"_links":{"self":[{"href":"https:\/\/salconsultoria.com\/index.php\/wp-json\/wp\/v2\/pages\/16","targetHints":{"allow":["GET"]}}],"collection":[{"href":"https:\/\/salconsultoria.com\/index.php\/wp-json\/wp\/v2\/pages"}],"about":[{"href":"https:\/\/salconsultoria.com\/index.php\/wp-json\/wp\/v2\/types\/page"}],"author":[{"embeddable":true,"href":"https:\/\/salconsultoria.com\/index.php\/wp-json\/wp\/v2\/users\/1"}],"replies":[{"embeddable":true,"href":"https:\/\/salconsultoria.com\/index.php\/wp-json\/wp\/v2\/comments?post=16"}],"version-history":[{"count":19,"href":"https:\/\/salconsultoria.com\/index.php\/wp-json\/wp\/v2\/pages\/16\/revisions"}],"predecessor-version":[{"id":58,"href":"https:\/\/salconsultoria.com\/index.php\/wp-json\/wp\/v2\/pages\/16\/revisions\/58"}],"wp:attachment":[{"href":"https:\/\/salconsultoria.com\/index.php\/wp-json\/wp\/v2\/media?parent=16"}],"curies":[{"name":"wp","href":"https:\/\/api.w.org\/{rel}","templated":true}]}}